5.
11
Calculate the remainder when 4588 is divided by 82.
78
Calculate the remainder when 625 is divided by 205.
10
Calculate the remainder when 736 is divided by 185.
181
What is the remainder when 503 is divided by 73?
65
Calculate the remainder when 22203 is divided by 7.
6
What is the remainder when 657 is divided by 117?
72
Calculate the remainder when 1739 is divided by 578.
5
What is the remainder when 69 is divided by 26?
17
Calculate the remainder when 319 is divided by 168.
151
What is the remainder when 183 is divided by 33?
18
Calculate the remainder when 4288 is divided by 113.
107
Calculate the remainder when 1165 is divided by 56.
45
What is the remainder when 2208 is divided by 67?
64
Calculate the remainder when 1027 is divided by 49.
47
Calculate the remainder when 980 is divided by 29.
23
Calculate the remainder when 628 is divided by 43.
26
Calculate the remainder when 153 is divided by 11.
10
Calculate the remainder when 122 is divided by 32.
26
Calculate the remainder when 743 is divided by 98.
57
What is the remainder when 446 is divided by 32?
30
Calculate the remainder when 62 is divided by 34.
28
What is the remainder when 1208 is divided by 81?
74
Calculate the remainder when 504 is divided by 5.
4
What is the remainder when 873 is divided by 123?
12
What is the remainder when 162 is divided by 83?
79
Calculate the remainder when 412 is divided by 23.
21
Calculate the remainder when 983 is divided by 17.
14
Calculate the remainder when 809 is divided by 158.
19
Calculate the remainder when 844 is divided by 142.
134
What is the remainder when 547 is divided by 61?
59
What is the remainder when 207 is divided by 59?
30
What is the remainder when 86 is divided by 18?
14
Calculate the remainder when 3845 is divided by 27.
11
Calculate the remainder when 262 is divided by 19.
15
Calculate the remainder when 257 is divided by 65.
62
Calculate the remainder when 13543 is divided by 19.
15
What is the remainder when 265 is divided by 163?
102
What is the remainder when 185 is divided by 87?
11
What is the remainder when 344 is divided by 5?
4
What is the remainder when 8521 is divided by 203?
198
Calculate the remainder when 533 is divided by 108.
101
What is the remainder when 260 is divided by 67?
59
Calculate the remainder when 44 is divided by 19.
6
Calculate the remainder when 188 is divided by 52.
32
What is the remainder when 302 is divided by 18?
14
What is the remainder when 291 is divided by 94?
9
Calculate the remainder when 4167 is divided by 15.
12
Calculate the remainder when 134 is divided by 84.
50
Calculate the remainder when 36 is divided by 13.
10
Calculate the remainder when 16 is divided by 9.
7
What is the remainder when 1206 is divided by 71?
70
Calculate the remainder when 142 is divided by 36.
34
What is the remainder when 2678 is divided by 529?
33
Calculate the remainder when 236 is divided by 40.
36
What is the remainder when 53 is divided by 8?
5
What is the remainder when 133 is divided by 36?
25
What is the remainder when 54 is divided by 11?
10
What is the remainder when 422 is divided by 25?
22
What is the remainder when 138 is divided by 4?
2
What is the remainder when 51 is divided by 33?
18
Calculate the remainder when 496 is divided by 10.
6
Calculate the remainder when 401 is divided by 49.
9
What is the remainder when 27 is divided by 16?
11
Calculate the remainder when 985 is divided by 245.
5
Calculate the remainder when 188 is divided by 69.
50
What is the remainder when 178 is divided by 36?
34
What is the remainder when 465 is divided by 67?
63
What is the remainder when 1323 is divided by 51?
48
Calculate the remainder when 3411 is divided by 244.
239
What is the remainder when 205 is divided by 57?
34
What is the remainder when 228 is divided by 14?
4
Calculate the remainder when 2622 is divided by 41.
39
What is the remainder when 280 is divided by 29?
19
What is the remainder when 1665 is divided by 241?
219
Calculate the remainder when 74 is divided by 12.
2
What is the remainder when 69 is divided by 36?
33
What is the remainder when 648 is divided by 25?
23
What is the remainder when 61 is divided by 9?
7
What is the remainder when 7866 is divided by 61?
58
Calculate the remainder when 3160 is divided by 22.
14
Calculate the remainder when 391 is divided by 27.
13
Calculate the remainder when 154 is divided by 10.
4
Calculate the remainder when 115 is divided by 42.
31
What is the remainder when 1091 is divided by 138?
125
What is the remainder when 1874 is divided by 937?
0
Calculate the remainder when 1007 is divided by 68.
55
Calculate the remainder when 5091 is divided by 182.
177
What is the remainder when 6942 is divided by 1734?
6
What is the remainder when 4332 is divided by 1082?
4
What is the remainder when 1309 is divided by 45?
4
What is the remainder when 8975 is divided by 1282?
1
Calculate the remainder when 332 is divided by 320.
12
Calculate the remainder when 39 is divided by 11.
6
Calculate the remainder when 1425 is divided by 213.
147
Calculate the remainder when 870 is divided by 33.
12
Calculate the remainder when 110 is divided by 15.
5
Calculate the remainder when 831 is divided by 32.
31
What is the remainder when 240 is divided by 61?
57
What is the remainder when 961 is divided by 74?
73
What is the remainder when 3296 is divided by 110?
106
What is the remainder when 221 is divided by 150?
71
Calculate the remainder when 1680 is divided by 50.
30
What is the remainder when 725 is divided by 27?
23
Calculate the remainder when 56 is divided by 21.
14
What is the remainder when 2219 is divided by 244?
23
What is the remainder when 491 is divided by 21?
8
Calculate the remainder when 134 is divided by 27.
26
Calculate the remainder when 346 is divided by 91.
73
Calculate the remainder when 18 is divided by 12.
6
What is the remainder when 1913 is divided by 87?
86
What is the remainder when 819 is divided by 172?
131
What is the remainder when 1845 is divided by 44?
41
Calculate the remainder when 113 is divided by 110.
3
What is the remainder when 246 is divided by 65?
51
What is the remainder when 59 is divided by 11?
4
What is the remainder when 181 is divided by 102?
79
What is the remainder when 524 is divided by 77?
62
Calculate the remainder when 257 is divided by 29.
25
Calculate the remainder when 82 is divided by 24.
10
What is the remainder when 1202 is divided by 20?
2
What is the remainder when 261 is divided by 69?
54
Calculate the remainder when 153 is divided by 144.
9
What is the remainder when 185 is divided by 5?
0
What is the remainder when 53 is divided by 6?
5
Calculate the remainder when 13968 is divided by 22.
20
What is the remainder when 11361 is divided by 117?
12
What is the remainder when 373 is divided by 63?
58
What is the remainder when 590 is divided by 18?
14
What is the remainder when 215 is divided by 9?
8
What is the remainder when 66 is divided by 8?
2
What is the remainder when 563 is divided by 21?
17
Calculate the remainder when 502 is divided by 97.
17
Calculate the remainder when 501 is divided by 127.
120
What is the remainder when 401 is divided by 13?
11
What is the remainder when 2874 is divided by 204?
18
Calculate the remainder when 160 is divided by 94.
66
What is the remainder when 55 is divided by 16?
7
Calculate the remainder when 647 is divided by 93.
89
Calculate the remainder when 2917 is divided by 40.
37
What is the remainder when 50 is divided by 37?
13
What is the remainder when 376 is divided by 100?
76
What is the remainder when 39 is divided by 3?
0
Calculate the remainder when 267 is divided by 44.
3
Calculate the remainder when 7893 is divided by 42.
39
Calculate the remainder when 1870 is divided by 72.
70
What is the remainder when 195 is divided by 79?
37
What is the remainder when 438 is divided by 35?
18
What is the remainder when 67 is divided by 35?
32
Calculate the remainder when 238 is divided by 123.
115
What is the remainder when 1014 is divided by 21?
6
Calculate the remainder when 74490 is divided by 267.
264
What is the remainder when 14332 is divided by 47?
44
What is the remainder when 721 is divided by 671?
50
What is the remainder when 197 is divided by 17?
10
C